{"id":11120,"date":"2023-09-27T15:58:40","date_gmt":"2023-09-27T15:58:40","guid":{"rendered":"http:\/\/ibn.wyd.mybluehost.me\/reanpackaging.com\/product\/agricultural-use-polypropylene-woven-sacks-china-pp-woven-bags-25kg-poly-bags\/"},"modified":"2024-10-01T16:43:17","modified_gmt":"2024-10-01T16:43:17","slug":"agricultural-use-polypropylene-woven-sacks-china-pp-woven-bags-25kg-poly-bags","status":"publish","type":"product","link":"https:\/\/reanpackaging.com\/cs\/produkt\/agricultural-use-polypropylene-woven-sacks-china-pp-woven-bags-25kg-poly-bags\/","title":{"rendered":"Zem\u011bd\u011blsk\u00e9 pou\u017eit\u00ed Polypropylenov\u00e9 tkan\u00e9 pytle \u010c\u00edna Pp tkan\u00e9 s\u00e1\u010dky 25Kg Poly Bags"},"content":{"rendered":"<h4>Atributy specifick\u00e9 pro dan\u00e9 odv\u011btv\u00ed<\/h4>\n<table border=\"1\">\n<tr>\n<td><strong>Pr\u016fmyslov\u00e9 vyu\u017eit\u00ed<\/strong><\/td>\n<td>Zem\u011bd\u011blstv\u00ed<\/td>\n<\/tr>\n<tr>\n<td><strong>Typ ta\u0161ky<\/strong><\/td>\n<td>TKAN\u00c1 TA\u0160KA<\/td>\n<\/tr>\n<tr>\n<td><strong>Funkce<\/strong><\/td>\n<td>Recyklovateln\u00e9<\/td>\n<\/tr>\n<tr>\n<td><strong>Plastov\u00fd typ<\/strong><\/td>\n<td>PP<\/td>\n<\/tr>\n<\/table>\n<h4>Dal\u0161\u00ed atributy<\/h4>\n<table border=\"1\">\n<tr>\n<td><strong>Manipulace s povrchem<\/strong><\/td>\n<td>Hlubotisk<\/td>\n<\/tr>\n<tr>\n<td><strong>Struktura materi\u00e1lu<\/strong><\/td>\n<td>str.<\/td>\n<\/tr>\n<tr>\n<td><strong>T\u011bsn\u011bn\u00ed a rukoje\u0165<\/strong><\/td>\n<td>\u0160it\u00ed<\/td>\n<\/tr>\n<tr>\n<td><strong>Vlastn\u00ed objedn\u00e1vka<\/strong><\/td>\n<td>P\u0159ijmout<\/td>\n<\/tr>\n<tr>\n<td><strong>Pou\u017eit\u00ed<\/strong><\/td>\n<td>Bal\u00ed\u010dek<\/td>\n<\/tr>\n<tr>\n<td><strong>Barva<\/strong><\/td>\n<td>P\u0159izp\u016fsoben\u00e1 barva<\/td>\n<\/tr>\n<tr>\n<td><strong>Logo<\/strong><\/td>\n<td>P\u0159ijmout p\u0159izp\u016fsoben\u00e9 logo<\/td>\n<\/tr>\n<tr>\n<td><strong>V\u00fdhoda<\/strong><\/td>\n<td>Vysok\u00e9 bari\u00e9ry<\/td>\n<\/tr>\n<tr>\n<td><strong>Velikost<\/strong><\/td>\n<td>P\u0159ij\u00edm\u00e1 se vlastn\u00ed velikost<\/td>\n<\/tr>\n<\/table>\n<p><img decoding=\"async\" class=\"detail-desc-decorate-image\" src=\"http:\/\/ibn.wyd.mybluehost.me\/reanpackaging.com\/wp-content\/uploads\/2023\/09\/2-description-Agricultural-Use-Polypropylene-Woven-Sacks-China-Pp-Woven-Bags-25Kg-Poly-Bags.jpg\" slate-data-type=\"image\" style=\"max-width: 100%; height: auto; display: block; margin: 0 auto;\"><br \/>\n<img decoding=\"async\" class=\"detail-desc-decorate-image\" src=\"http:\/\/ibn.wyd.mybluehost.me\/reanpackaging.com\/wp-content\/uploads\/2023\/09\/3-description-Agricultural-Use-Polypropylene-Woven-Sacks-China-Pp-Woven-Bags-25Kg-Poly-Bags.jpg\" slate-data-type=\"image\" style=\"max-width: 100%; height: auto; display: block; margin: 0 auto;\"><br \/>\n<img decoding=\"async\" class=\"detail-desc-decorate-image\" src=\"http:\/\/ibn.wyd.mybluehost.me\/reanpackaging.com\/wp-content\/uploads\/2023\/09\/4-description-Agricultural-Use-Polypropylene-Woven-Sacks-China-Pp-Woven-Bags-25Kg-Poly-Bags.jpg\" slate-data-type=\"image\" style=\"max-width: 100%; height: auto; display: block; margin: 0 auto;\"><br \/>\n<img decoding=\"async\" class=\"detail-desc-decorate-image\" src=\"http:\/\/ibn.wyd.mybluehost.me\/reanpackaging.com\/wp-content\/uploads\/2023\/09\/5-description-Agricultural-Use-Polypropylene-Woven-Sacks-China-Pp-Woven-Bags-25Kg-Poly-Bags.jpg\" slate-data-type=\"image\" style=\"max-width: 100%; height: auto; display: block; margin: 0 auto;\"><\/p>","protected":false},"excerpt":{"rendered":"<p>Specifick\u00e9 vlastnosti pro dan\u00fd pr\u016fmysl Pr\u016fmyslov\u00e9 vyu\u017eit\u00ed Zem\u011bd\u011blstv\u00ed Typ ta\u0161ky WOVEN BAG Funkce Recyklovateln\u00fd plast Typ PP Dal\u0161\u00ed vlastnosti Povrchov\u00e1 \u00faprava Hlubotisk Materi\u00e1l Struktura pp T\u011bsn\u011bn\u00ed a rukoje\u0165 \u0160it\u00ed na zak\u00e1zku P\u0159ijmout Pou\u017eit\u00ed Balen\u00ed Barva p\u0159izp\u016fsoben\u00e1 Barva Logo P\u0159ijmout Logo na zak\u00e1zku V\u00fdhoda Vysok\u00e1 bari\u00e9ra Velikost P\u0159ijat\u00e1 vlastn\u00ed velikost<\/p>","protected":false},"featured_media":10969,"template":"","meta":{"_seopress_robots_primary_cat":"none","_seopress_titles_title":"","_seopress_titles_desc":"","_seopress_robots_index":"","site-sidebar-layout":"default","site-content-layout":"","ast-site-content-layout":"default","site-content-style":"default","site-sidebar-style":"default","ast-global-header-display":"","ast-banner-title-visibility":"","ast-main-header-display":"","ast-hfb-above-header-display":"","ast-hfb-below-header-display":"","ast-hfb-mobile-header-display":"","site-post-title":"","ast-breadcrumbs-content":"","ast-featured-img":"","footer-sml-layout":"","ast-disable-related-posts":"","theme-transparent-header-meta":"default","adv-header-id-meta":"","stick-header-meta":"default","header-above-stick-meta":"","header-main-stick-meta":"","header-below-stick-meta":"","astra-migrate-meta-layouts":"set","ast-page-background-enabled":"default","ast-page-background-meta":{"desktop":{"background-color":"","background-image":"","background-repeat":"repeat","background-position":"center center","background-size":"auto","background-attachment":"scroll","background-type":"","background-media":"","overlay-type":"","overlay-color":"","overlay-opacity":"","overlay-gradient":""},"tablet":{"background-color":"","background-image":"","background-repeat":"repeat","background-position":"center center","background-size":"auto","background-attachment":"scroll","background-type":"","background-media":"","overlay-type":"","overlay-color":"","overlay-opacity":"","overlay-gradient":""},"mobile":{"background-color":"","background-image":"","background-repeat":"repeat","background-position":"center center","background-size":"auto","background-attachment":"scroll","background-type":"","background-media":"","overlay-type":"","overlay-color":"","overlay-opacity":"","overlay-gradient":""}},"ast-content-background-meta":{"desktop":{"background-color":"var(--ast-global-color-5)","background-image":"","background-repeat":"repeat","background-position":"center center","background-size":"auto","background-attachment":"scroll","background-type":"","background-media":"","overlay-type":"","overlay-color":"","overlay-opacity":"","overlay-gradient":""},"tablet":{"background-color":"var(--ast-global-color-5)","background-image":"","background-repeat":"repeat","background-position":"center center","background-size":"auto","background-attachment":"scroll","background-type":"","background-media":"","overlay-type":"","overlay-color":"","overlay-opacity":"","overlay-gradient":""},"mobile":{"background-color":"var(--ast-global-color-5)","background-image":"","background-repeat":"repeat","background-position":"center center","background-size":"auto","background-attachment":"scroll","background-type":"","background-media":"","overlay-type":"","overlay-color":"","overlay-opacity":"","overlay-gradient":""}}},"product_brand":[],"product_cat":[52],"product_tag":[],"class_list":{"0":"post-11120","1":"product","2":"type-product","3":"status-publish","4":"has-post-thumbnail","6":"product_cat-poly-bags","7":"desktop-align-left","8":"tablet-align-left","9":"mobile-align-left","10":"ast-product-gallery-layout-horizontal","11":"ast-product-tabs-layout-horizontal","13":"first","14":"instock","15":"purchasable","16":"product-type-simple"},"_links":{"self":[{"href":"https:\/\/reanpackaging.com\/cs\/wp-json\/wp\/v2\/product\/11120","targetHints":{"allow":["GET"]}}],"collection":[{"href":"https:\/\/reanpackaging.com\/cs\/wp-json\/wp\/v2\/product"}],"about":[{"href":"https:\/\/reanpackaging.com\/cs\/wp-json\/wp\/v2\/types\/product"}],"wp:featuredmedia":[{"embeddable":true,"href":"https:\/\/reanpackaging.com\/cs\/wp-json\/wp\/v2\/media\/10969"}],"wp:attachment":[{"href":"https:\/\/reanpackaging.com\/cs\/wp-json\/wp\/v2\/media?parent=11120"}],"wp:term":[{"taxonomy":"product_brand","embeddable":true,"href":"https:\/\/reanpackaging.com\/cs\/wp-json\/wp\/v2\/product_brand?post=11120"},{"taxonomy":"product_cat","embeddable":true,"href":"https:\/\/reanpackaging.com\/cs\/wp-json\/wp\/v2\/product_cat?post=11120"},{"taxonomy":"product_tag","embeddable":true,"href":"https:\/\/reanpackaging.com\/cs\/wp-json\/wp\/v2\/product_tag?post=11120"}],"curies":[{"name":"wp","href":"https:\/\/api.w.org\/{rel}","templated":true}]}}

Zemědělské použití Polypropylenové tkané pytle Čína Pp tkané sáčky 25Kg Poly Bags

<h4>Atributy specifické pro dané odvětví</h4>
<table border="1">
<tr>
<td><strong>Průmyslové využití</strong></td>
<td>Zemědělství</td>
</tr>
<tr>
<td><strong>Typ tašky</strong></td>
<td>TKANÁ TAŠKA</td>
</tr>
<tr>
<td><strong>Funkce</strong></td>
<td>Recyklovatelné</td>
</tr>
<tr>
<td><strong>Plastový typ</strong></td>
<td>PP</td>
</tr>
</table>
<h4>Další atributy</h4>
<table border="1">
<tr>
<td><strong>Manipulace s povrchem</strong></td>
<td>Hlubotisk</td>
</tr>
<tr>
<td><strong>Struktura materiálu</strong></td>
<td>str.</td>
</tr>
<tr>
<td><strong>Těsnění a rukojeť</strong></td>
<td>Šití</td>
</tr>
<tr>
<td><strong>Vlastní objednávka</strong></td>
<td>Přijmout</td>
</tr>
<tr>
<td><strong>Použití</strong></td>
<td>Balíček</td>
</tr>
<tr>
<td><strong>Barva</strong></td>
<td>Přizpůsobená barva</td>
</tr>
<tr>
<td><strong>Logo</strong></td>
<td>Přijmout přizpůsobené logo</td>
</tr>
<tr>
<td><strong>Výhoda</strong></td>
<td>Vysoké bariéry</td>
</tr>
<tr>
<td><strong>Velikost</strong></td>
<td>Přijímá se vlastní velikost</td>
</tr>
</table>
<p><img decoding="async" class="detail-desc-decorate-image" src="http://ibn.wyd.mybluehost.me/reanpackaging.com/wp-content/uploads/2023/09/2-description-Agricultural-Use-Polypropylene-Woven-Sacks-China-Pp-Woven-Bags-25Kg-Poly-Bags.jpg" slate-data-type="image" style="max-width: 100%; height: auto; display: block; margin: 0 auto;"><br />
<img decoding="async" class="detail-desc-decorate-image" src="http://ibn.wyd.mybluehost.me/reanpackaging.com/wp-content/uploads/2023/09/3-description-Agricultural-Use-Polypropylene-Woven-Sacks-China-Pp-Woven-Bags-25Kg-Poly-Bags.jpg" slate-data-type="image" style="max-width: 100%; height: auto; display: block; margin: 0 auto;"><br />
<img decoding="async" class="detail-desc-decorate-image" src="http://ibn.wyd.mybluehost.me/reanpackaging.com/wp-content/uploads/2023/09/4-description-Agricultural-Use-Polypropylene-Woven-Sacks-China-Pp-Woven-Bags-25Kg-Poly-Bags.jpg" slate-data-type="image" style="max-width: 100%; height: auto; display: block; margin: 0 auto;"><br />
<img decoding="async" class="detail-desc-decorate-image" src="http://ibn.wyd.mybluehost.me/reanpackaging.com/wp-content/uploads/2023/09/5-description-Agricultural-Use-Polypropylene-Woven-Sacks-China-Pp-Woven-Bags-25Kg-Poly-Bags.jpg" slate-data-type="image" style="max-width: 100%; height: auto; display: block; margin: 0 auto;"></p>

<p>Specifické vlastnosti pro daný průmysl Průmyslové využití Zemědělství Typ tašky WOVEN BAG Funkce Recyklovatelný plast Typ PP Další vlastnosti Povrchová úprava Hlubotisk Materiál Struktura pp Těsnění a rukojeť Šití na zakázku Přijmout Použití Balení Barva přizpůsobená Barva Logo Přijmout Logo na zakázku Výhoda Vysoká bariéra Velikost Přijatá vlastní velikost</p>
