{"id":9270,"date":"2023-09-25T04:28:14","date_gmt":"2023-09-25T04:28:14","guid":{"rendered":"http:\/\/ibn.wyd.mybluehost.me\/reanpackaging.com\/product\/custom-printed-packaging-for-coffee-for-tea-resealable-doypack-zipper-stand-up-pouch-brown-kraft-paper-bags-with-clear-window\/"},"modified":"2024-10-01T16:51:12","modified_gmt":"2024-10-01T16:51:12","slug":"custom-printed-packaging-for-coffee-for-tea-resealable-doypack-zipper-stand-up-pouch-brown-kraft-paper-bags-with-clear-window","status":"publish","type":"product","link":"https:\/\/reanpackaging.com\/cs\/produkt\/custom-printed-packaging-for-coffee-for-tea-resealable-doypack-zipper-stand-up-pouch-brown-kraft-paper-bags-with-clear-window\/","title":{"rendered":"Vlastn\u00ed ti\u0161t\u011bn\u00e9 obaly na k\u00e1vu pro \u010daj Resealable Doypack Zipper Stand Up Pouch Brown Kraft Paper Bags With Clear Window"},"content":{"rendered":"<h4>Atributy specifick\u00e9 pro dan\u00e9 odv\u011btv\u00ed<\/h4>\n<table border=\"1\">\n<tr>\n<td><strong>Pr\u016fmyslov\u00e9 vyu\u017eit\u00ed<\/strong><\/td>\n<td>Potraviny<\/td>\n<\/tr>\n<tr>\n<td><strong>Typ pap\u00edru<\/strong><\/td>\n<td>Kraftov\u00fd pap\u00edr<\/td>\n<\/tr>\n<tr>\n<td><strong>Funkce<\/strong><\/td>\n<td>Recyklovan\u00e9 materi\u00e1ly<\/td>\n<\/tr>\n<\/table>\n<h4>Dal\u0161\u00ed atributy<\/h4>\n<table border=\"1\">\n<tr>\n<td><strong>Manipulace s povrchem<\/strong><\/td>\n<td>Hlubotisk\/digit\u00e1ln\u00ed tisk<\/td>\n<\/tr>\n<tr>\n<td><strong>T\u011bsn\u011bn\u00ed a rukoje\u0165<\/strong><\/td>\n<td>Horn\u00ed \u010d\u00e1st na zip<\/td>\n<\/tr>\n<tr>\n<td><strong>Vlastn\u00ed objedn\u00e1vka<\/strong><\/td>\n<td>P\u0159ijmout<\/td>\n<\/tr>\n<tr>\n<td><strong>N\u00e1zev produktu<\/strong><\/td>\n<td>Kraftov\u00fd s\u00e1\u010dek se stoj\u00e1nkem<\/td>\n<\/tr>\n<tr>\n<td><strong>Funkce1<\/strong><\/td>\n<td>Biologicky odbourateln\u00fd materi\u00e1l<\/td>\n<\/tr>\n<tr>\n<td><strong>Funkce2<\/strong><\/td>\n<td>M\u00f3dn\u00ed<\/td>\n<\/tr>\n<tr>\n<td><strong>Struktura materi\u00e1lu<\/strong><\/td>\n<td>Kraftov\u00fd pap\u00edr<\/td>\n<\/tr>\n<tr>\n<td><strong>Logo<\/strong><\/td>\n<td>P\u0159ijmout tisk loga na zak\u00e1zku<\/td>\n<\/tr>\n<tr>\n<td><strong>Pou\u017eit\u00ed<\/strong><\/td>\n<td>Sva\u010diny, su\u0161enky nebo jin\u00e9 potraviny<\/td>\n<\/tr>\n<tr>\n<td><strong>MOQ<\/strong><\/td>\n<td>200ks<\/td>\n<\/tr>\n<\/table>\n<p><img decoding=\"async\" class=\"detail-desc-decorate-image\" src=\"http:\/\/ibn.wyd.mybluehost.me\/reanpackaging.com\/wp-content\/uploads\/2023\/09\/2-description-Custom-Printed-Packaging-For-Coffee-For-Tea-Resealable-Doypack-Zipper-Stand-Up-Pouch-Brown-Kraft-Paper-Bags-With-Clear-Window.jpg\" slate-data-type=\"image\" style=\"max-width: 100%; height: auto; display: block; margin: 0 auto;\"><br \/>\n<img decoding=\"async\" class=\"detail-desc-decorate-image\" src=\"http:\/\/ibn.wyd.mybluehost.me\/reanpackaging.com\/wp-content\/uploads\/2023\/09\/3-description-Custom-Printed-Packaging-For-Coffee-For-Tea-Resealable-Doypack-Zipper-Stand-Up-Pouch-Brown-Kraft-Paper-Bags-With-Clear-Window.jpg\" slate-data-type=\"image\" style=\"max-width: 100%; height: auto; display: block; margin: 0 auto;\"><br \/>\n<img decoding=\"async\" class=\"detail-desc-decorate-image\" src=\"http:\/\/ibn.wyd.mybluehost.me\/reanpackaging.com\/wp-content\/uploads\/2023\/09\/5-description-Custom-Printed-Packaging-For-Coffee-For-Tea-Resealable-Doypack-Zipper-Stand-Up-Pouch-Brown-Kraft-Paper-Bags-With-Clear-Window.jpg\" slate-data-type=\"image\" style=\"max-width: 100%; height: auto; display: block; margin: 0 auto;\"><br \/>\n<img decoding=\"async\" class=\"detail-desc-decorate-image\" src=\"http:\/\/ibn.wyd.mybluehost.me\/reanpackaging.com\/wp-content\/uploads\/2023\/09\/6-description-Custom-Printed-Packaging-For-Coffee-For-Tea-Resealable-Doypack-Zipper-Stand-Up-Pouch-Brown-Kraft-Paper-Bags-With-Clear-Window.jpg\" slate-data-type=\"image\" style=\"max-width: 100%; height: auto; display: block; margin: 0 auto;\"><\/p>","protected":false},"excerpt":{"rendered":"<p>Specifick\u00e9 vlastnosti pro dan\u00fd pr\u016fmysl Pr\u016fmyslov\u00e9 pou\u017eit\u00ed Potravin\u00e1\u0159sk\u00fd pap\u00edr Typ Kraftov\u00fd pap\u00edr Vlastnosti Recyklovan\u00e9 materi\u00e1ly Dal\u0161\u00ed vlastnosti Povrchov\u00e1 \u00faprava Hlubotisk\/digit\u00e1ln\u00ed tisk T\u011bsn\u011bn\u00ed a rukoje\u0165 Zip Top Vlastn\u00ed objedn\u00e1vka P\u0159ijmout N\u00e1zev produktu Kraftov\u00fd s\u00e1\u010dek na stoj\u00e1ka Vlastnosti1 Biologicky rozlo\u017eiteln\u00fd materi\u00e1l Vlastnosti2 M\u00f3dn\u00ed materi\u00e1l Struktura Kraftov\u00fd pap\u00edr Logo P\u0159ijmout Vlastn\u00ed tisk loga Pou\u017eit\u00ed Sva\u010dinky, su\u0161enky nebo jin\u00e9 potraviny MOQ 200ks<\/p>","protected":false},"featured_media":9174,"template":"","meta":{"_seopress_robots_primary_cat":"none","_seopress_titles_title":"","_seopress_titles_desc":"","_seopress_robots_index":"","site-sidebar-layout":"default","site-content-layout":"","ast-site-content-layout":"default","site-content-style":"default","site-sidebar-style":"default","ast-global-header-display":"","ast-banner-title-visibility":"","ast-main-header-display":"","ast-hfb-above-header-display":"","ast-hfb-below-header-display":"","ast-hfb-mobile-header-display":"","site-post-title":"","ast-breadcrumbs-content":"","ast-featured-img":"","footer-sml-layout":"","ast-disable-related-posts":"","theme-transparent-header-meta":"default","adv-header-id-meta":"","stick-header-meta":"default","header-above-stick-meta":"","header-main-stick-meta":"","header-below-stick-meta":"","astra-migrate-meta-layouts":"set","ast-page-background-enabled":"default","ast-page-background-meta":{"desktop":{"background-color":"","background-image":"","background-repeat":"repeat","background-position":"center center","background-size":"auto","background-attachment":"scroll","background-type":"","background-media":"","overlay-type":"","overlay-color":"","overlay-opacity":"","overlay-gradient":""},"tablet":{"background-color":"","background-image":"","background-repeat":"repeat","background-position":"center center","background-size":"auto","background-attachment":"scroll","background-type":"","background-media":"","overlay-type":"","overlay-color":"","overlay-opacity":"","overlay-gradient":""},"mobile":{"background-color":"","background-image":"","background-repeat":"repeat","background-position":"center center","background-size":"auto","background-attachment":"scroll","background-type":"","background-media":"","overlay-type":"","overlay-color":"","overlay-opacity":"","overlay-gradient":""}},"ast-content-background-meta":{"desktop":{"background-color":"var(--ast-global-color-5)","background-image":"","background-repeat":"repeat","background-position":"center center","background-size":"auto","background-attachment":"scroll","background-type":"","background-media":"","overlay-type":"","overlay-color":"","overlay-opacity":"","overlay-gradient":""},"tablet":{"background-color":"var(--ast-global-color-5)","background-image":"","background-repeat":"repeat","background-position":"center center","background-size":"auto","background-attachment":"scroll","background-type":"","background-media":"","overlay-type":"","overlay-color":"","overlay-opacity":"","overlay-gradient":""},"mobile":{"background-color":"var(--ast-global-color-5)","background-image":"","background-repeat":"repeat","background-position":"center center","background-size":"auto","background-attachment":"scroll","background-type":"","background-media":"","overlay-type":"","overlay-color":"","overlay-opacity":"","overlay-gradient":""}}},"product_brand":[],"product_cat":[36,44],"product_tag":[],"class_list":{"0":"post-9270","1":"product","2":"type-product","3":"status-publish","4":"has-post-thumbnail","6":"product_cat-kraft-bags","7":"product_cat-paper-bags","8":"desktop-align-left","9":"tablet-align-left","10":"mobile-align-left","11":"ast-product-gallery-layout-horizontal","12":"ast-product-tabs-layout-horizontal","14":"first","15":"instock","16":"purchasable","17":"product-type-simple"},"_links":{"self":[{"href":"https:\/\/reanpackaging.com\/cs\/wp-json\/wp\/v2\/product\/9270","targetHints":{"allow":["GET"]}}],"collection":[{"href":"https:\/\/reanpackaging.com\/cs\/wp-json\/wp\/v2\/product"}],"about":[{"href":"https:\/\/reanpackaging.com\/cs\/wp-json\/wp\/v2\/types\/product"}],"wp:featuredmedia":[{"embeddable":true,"href":"https:\/\/reanpackaging.com\/cs\/wp-json\/wp\/v2\/media\/9174"}],"wp:attachment":[{"href":"https:\/\/reanpackaging.com\/cs\/wp-json\/wp\/v2\/media?parent=9270"}],"wp:term":[{"taxonomy":"product_brand","embeddable":true,"href":"https:\/\/reanpackaging.com\/cs\/wp-json\/wp\/v2\/product_brand?post=9270"},{"taxonomy":"product_cat","embeddable":true,"href":"https:\/\/reanpackaging.com\/cs\/wp-json\/wp\/v2\/product_cat?post=9270"},{"taxonomy":"product_tag","embeddable":true,"href":"https:\/\/reanpackaging.com\/cs\/wp-json\/wp\/v2\/product_tag?post=9270"}],"curies":[{"name":"wp","href":"https:\/\/api.w.org\/{rel}","templated":true}]}}

Vlastní tištěné obaly na kávu pro čaj Resealable Doypack Zipper Stand Up Pouch Brown Kraft Paper Bags With Clear Window

<h4>Atributy specifické pro dané odvětví</h4>
<table border="1">
<tr>
<td><strong>Průmyslové využití</strong></td>
<td>Potraviny</td>
</tr>
<tr>
<td><strong>Typ papíru</strong></td>
<td>Kraftový papír</td>
</tr>
<tr>
<td><strong>Funkce</strong></td>
<td>Recyklované materiály</td>
</tr>
</table>
<h4>Další atributy</h4>
<table border="1">
<tr>
<td><strong>Manipulace s povrchem</strong></td>
<td>Hlubotisk/digitální tisk</td>
</tr>
<tr>
<td><strong>Těsnění a rukojeť</strong></td>
<td>Horní část na zip</td>
</tr>
<tr>
<td><strong>Vlastní objednávka</strong></td>
<td>Přijmout</td>
</tr>
<tr>
<td><strong>Název produktu</strong></td>
<td>Kraftový sáček se stojánkem</td>
</tr>
<tr>
<td><strong>Funkce1</strong></td>
<td>Biologicky odbouratelný materiál</td>
</tr>
<tr>
<td><strong>Funkce2</strong></td>
<td>Módní</td>
</tr>
<tr>
<td><strong>Struktura materiálu</strong></td>
<td>Kraftový papír</td>
</tr>
<tr>
<td><strong>Logo</strong></td>
<td>Přijmout tisk loga na zakázku</td>
</tr>
<tr>
<td><strong>Použití</strong></td>
<td>Svačiny, sušenky nebo jiné potraviny</td>
</tr>
<tr>
<td><strong>MOQ</strong></td>
<td>200ks</td>
</tr>
</table>
<p><img decoding="async" class="detail-desc-decorate-image" src="http://ibn.wyd.mybluehost.me/reanpackaging.com/wp-content/uploads/2023/09/2-description-Custom-Printed-Packaging-For-Coffee-For-Tea-Resealable-Doypack-Zipper-Stand-Up-Pouch-Brown-Kraft-Paper-Bags-With-Clear-Window.jpg" slate-data-type="image" style="max-width: 100%; height: auto; display: block; margin: 0 auto;"><br />
<img decoding="async" class="detail-desc-decorate-image" src="http://ibn.wyd.mybluehost.me/reanpackaging.com/wp-content/uploads/2023/09/3-description-Custom-Printed-Packaging-For-Coffee-For-Tea-Resealable-Doypack-Zipper-Stand-Up-Pouch-Brown-Kraft-Paper-Bags-With-Clear-Window.jpg" slate-data-type="image" style="max-width: 100%; height: auto; display: block; margin: 0 auto;"><br />
<img decoding="async" class="detail-desc-decorate-image" src="http://ibn.wyd.mybluehost.me/reanpackaging.com/wp-content/uploads/2023/09/5-description-Custom-Printed-Packaging-For-Coffee-For-Tea-Resealable-Doypack-Zipper-Stand-Up-Pouch-Brown-Kraft-Paper-Bags-With-Clear-Window.jpg" slate-data-type="image" style="max-width: 100%; height: auto; display: block; margin: 0 auto;"><br />
<img decoding="async" class="detail-desc-decorate-image" src="http://ibn.wyd.mybluehost.me/reanpackaging.com/wp-content/uploads/2023/09/6-description-Custom-Printed-Packaging-For-Coffee-For-Tea-Resealable-Doypack-Zipper-Stand-Up-Pouch-Brown-Kraft-Paper-Bags-With-Clear-Window.jpg" slate-data-type="image" style="max-width: 100%; height: auto; display: block; margin: 0 auto;"></p>

<p>Specifické vlastnosti pro daný průmysl Průmyslové použití Potravinářský papír Typ Kraftový papír Vlastnosti Recyklované materiály Další vlastnosti Povrchová úprava Hlubotisk/digitální tisk Těsnění a rukojeť Zip Top Vlastní objednávka Přijmout Název produktu Kraftový sáček na stojáka Vlastnosti1 Biologicky rozložitelný materiál Vlastnosti2 Módní materiál Struktura Kraftový papír Logo Přijmout Vlastní tisk loga Použití Svačinky, sušenky nebo jiné potraviny MOQ 200ks</p>
