{"id":7748,"date":"2023-09-23T10:47:33","date_gmt":"2023-09-23T10:47:33","guid":{"rendered":"http:\/\/ibn.wyd.mybluehost.me\/reanpackaging.com\/product\/different-colors-printed-logo-laminated-recyclable-non-woven-tote-shopping-bag-eco-friendly-nonwoven-carry-tote-bag\/"},"modified":"2024-10-01T16:56:39","modified_gmt":"2024-10-01T16:56:39","slug":"different-colors-printed-logo-laminated-recyclable-non-woven-tote-shopping-bag-eco-friendly-nonwoven-carry-tote-bag","status":"publish","type":"product","link":"https:\/\/reanpackaging.com\/fr\/produit\/different-colors-printed-logo-laminated-recyclable-non-woven-tote-shopping-bag-eco-friendly-nonwoven-carry-tote-bag\/","title":{"rendered":"Sac \u00e0 provisions recyclable non tiss\u00e9, imprim\u00e9 avec logo en diff\u00e9rentes couleurs Sac \u00e0 provisions recyclable non tiss\u00e9, \u00e9cologique"},"content":{"rendered":"<h4>Attributs sp\u00e9cifiques \u00e0 l'industrie<\/h4>\n<table border=\"1\">\n<tbody>\n<tr>\n<td><strong>Mat\u00e9riau<\/strong><\/td>\n<td>Non-tiss\u00e9<\/td>\n<\/tr>\n<\/tbody>\n<\/table>\n<h4>Autres attributs<\/h4>\n<table border=\"1\">\n<tbody>\n<tr>\n<td><strong>Style<\/strong><\/td>\n<td>Manipul\u00e9<\/td>\n<\/tr>\n<tr>\n<td><strong>Type de motif<\/strong><\/td>\n<td>G\u00e9om\u00e9trique<\/td>\n<\/tr>\n<tr>\n<td><strong>Taille<\/strong><\/td>\n<td>Petit (20-30cm)<\/td>\n<\/tr>\n<tr>\n<td><strong>TAILLE<\/strong><\/td>\n<td>Sur mesure, diff\u00e9rentes tailles sont disponibles !<\/td>\n<\/tr>\n<tr>\n<td><strong>Mat\u00e9riau<\/strong><\/td>\n<td>Tissu non tiss\u00e9 60-120gsm<\/td>\n<\/tr>\n<tr>\n<td><strong>Impression<\/strong><\/td>\n<td>Impression offset\/ s\u00e9rigraphie\/ marquage \u00e0 chaud\/ pelliculage<\/td>\n<\/tr>\n<tr>\n<td><strong>couleur<\/strong><\/td>\n<td>En option, la couleur de votre choix !<\/td>\n<\/tr>\n<tr>\n<td><strong>Conception<\/strong><\/td>\n<td>Des mod\u00e8les personnalis\u00e9s sont disponibles<\/td>\n<\/tr>\n<tr>\n<td><strong>Emballage<\/strong><\/td>\n<td>100-200pcs\/carton, qualit\u00e9 standard du carton d'exportation<\/td>\n<\/tr>\n<tr>\n<td><strong>D\u00e9lai d'\u00e9chantillonnage<\/strong><\/td>\n<td>3 jours apr\u00e8s r\u00e9ception du co\u00fbt de l'\u00e9chantillon<\/td>\n<\/tr>\n<tr>\n<td><strong>MOQ<\/strong><\/td>\n<td>500pcs<\/td>\n<\/tr>\n<tr>\n<td><strong>co\u00fbt de l'\u00e9chantillon d\u00e9lai de production<\/strong><\/td>\n<td>10-20 jours apr\u00e8s confirmation de la commande<\/td>\n<\/tr>\n<\/tbody>\n<\/table>\n<p><img decoding=\"async\" class=\"detail-desc-decorate-image aligncenter\" style=\"max-width: 100%; height: auto; margin: 0 auto 5px;\" src=\"http:\/\/ibn.wyd.mybluehost.me\/reanpackaging.com\/wp-content\/uploads\/2023\/09\/3-description-Different-Colors-Printed-Logo-Laminated-Recyclable-Non-Woven-Tote-Shopping-Bag-Eco-Friendly-Nonwoven-Carry-Tote-Bag.jpg\" \/><br \/>\n<img decoding=\"async\" class=\"detail-desc-decorate-image aligncenter\" style=\"max-width: 100%; height: auto; margin: 0 auto 5px;\" src=\"http:\/\/ibn.wyd.mybluehost.me\/reanpackaging.com\/wp-content\/uploads\/2023\/09\/4-description-Different-Colors-Printed-Logo-Laminated-Recyclable-Non-Woven-Tote-Shopping-Bag-Eco-Friendly-Nonwoven-Carry-Tote-Bag.jpg\" \/><br \/>\n<img decoding=\"async\" class=\"detail-desc-decorate-image aligncenter\" style=\"max-width: 100%; height: auto; margin: 0 auto 5px;\" src=\"http:\/\/ibn.wyd.mybluehost.me\/reanpackaging.com\/wp-content\/uploads\/2023\/09\/5-description-Different-Colors-Printed-Logo-Laminated-Recyclable-Non-Woven-Tote-Shopping-Bag-Eco-Friendly-Nonwoven-Carry-Tote-Bag.jpg\" \/><br \/>\n<img decoding=\"async\" class=\"detail-desc-decorate-image aligncenter\" style=\"max-width: 100%; height: auto; margin: 0 auto 5px;\" src=\"http:\/\/ibn.wyd.mybluehost.me\/reanpackaging.com\/wp-content\/uploads\/2023\/09\/6-description-Different-Colors-Printed-Logo-Laminated-Recyclable-Non-Woven-Tote-Shopping-Bag-Eco-Friendly-Nonwoven-Carry-Tote-Bag.jpg\" \/><br \/>\n<img decoding=\"async\" class=\"detail-desc-decorate-image aligncenter\" style=\"max-width: 100%; height: auto; margin: 0 auto 5px;\" src=\"http:\/\/ibn.wyd.mybluehost.me\/reanpackaging.com\/wp-content\/uploads\/2023\/09\/7-description-Different-Colors-Printed-Logo-Laminated-Recyclable-Non-Woven-Tote-Shopping-Bag-Eco-Friendly-Nonwoven-Carry-Tote-Bag.jpg\" \/><\/p>","protected":false},"excerpt":{"rendered":"<p>Industry-Specific Attributes Material Non-Woven Other Attributes Style Handled Pattern Type Geometric Size Small(20-30cm) SIZE Customized, Different sizes are available! Material 60-120gsm non woven fabric Printing Offset printing\/ silkscreen printing\/ hot stamping\/ laminated color Optional, Any Color for you need! Design Customized designs are available Packaging 100-200pcs\/carton, standard export carton quality Sample leadtime 3 days after [&hellip;]<\/p>\n","protected":false},"featured_media":7666,"template":"","meta":{"_seopress_robots_primary_cat":"none","_seopress_titles_title":"","_seopress_titles_desc":"","_seopress_robots_index":"","site-sidebar-layout":"default","site-content-layout":"default","ast-site-content-layout":"default","site-content-style":"default","site-sidebar-style":"default","ast-global-header-display":"","ast-banner-title-visibility":"","ast-main-header-display":"","ast-hfb-above-header-display":"","ast-hfb-below-header-display":"","ast-hfb-mobile-header-display":"","site-post-title":"","ast-breadcrumbs-content":"","ast-featured-img":"","footer-sml-layout":"","ast-disable-related-posts":"","theme-transparent-header-meta":"default","adv-header-id-meta":"","stick-header-meta":"default","header-above-stick-meta":"","header-main-stick-meta":"","header-below-stick-meta":"","astra-migrate-meta-layouts":"set","ast-page-background-enabled":"default","ast-page-background-meta":{"desktop":{"background-color":"","background-image":"","background-repeat":"repeat","background-position":"center center","background-size":"auto","background-attachment":"scroll","background-type":"","background-media":"","overlay-type":"","overlay-color":"","overlay-opacity":"","overlay-gradient":""},"tablet":{"background-color":"","background-image":"","background-repeat":"repeat","background-position":"center center","background-size":"auto","background-attachment":"scroll","background-type":"","background-media":"","overlay-type":"","overlay-color":"","overlay-opacity":"","overlay-gradient":""},"mobile":{"background-color":"","background-image":"","background-repeat":"repeat","background-position":"center center","background-size":"auto","background-attachment":"scroll","background-type":"","background-media":"","overlay-type":"","overlay-color":"","overlay-opacity":"","overlay-gradient":""}},"ast-content-background-meta":{"desktop":{"background-color":"var(--ast-global-color-5)","background-image":"","background-repeat":"repeat","background-position":"center center","background-size":"auto","background-attachment":"scroll","background-type":"","background-media":"","overlay-type":"","overlay-color":"","overlay-opacity":"","overlay-gradient":""},"tablet":{"background-color":"var(--ast-global-color-5)","background-image":"","background-repeat":"repeat","background-position":"center center","background-size":"auto","background-attachment":"scroll","background-type":"","background-media":"","overlay-type":"","overlay-color":"","overlay-opacity":"","overlay-gradient":""},"mobile":{"background-color":"var(--ast-global-color-5)","background-image":"","background-repeat":"repeat","background-position":"center center","background-size":"auto","background-attachment":"scroll","background-type":"","background-media":"","overlay-type":"","overlay-color":"","overlay-opacity":"","overlay-gradient":""}}},"product_brand":[],"product_cat":[43,44,41],"product_tag":[],"class_list":{"0":"post-7748","1":"product","2":"type-product","3":"status-publish","4":"has-post-thumbnail","6":"product_cat-non-woven-bags","7":"product_cat-paper-bags","8":"product_cat-shopping-bags","9":"desktop-align-left","10":"tablet-align-left","11":"mobile-align-left","12":"ast-product-gallery-layout-horizontal","13":"ast-product-tabs-layout-horizontal","15":"first","16":"instock","17":"purchasable","18":"product-type-simple"},"_links":{"self":[{"href":"https:\/\/reanpackaging.com\/fr\/wp-json\/wp\/v2\/product\/7748","targetHints":{"allow":["GET"]}}],"collection":[{"href":"https:\/\/reanpackaging.com\/fr\/wp-json\/wp\/v2\/product"}],"about":[{"href":"https:\/\/reanpackaging.com\/fr\/wp-json\/wp\/v2\/types\/product"}],"wp:featuredmedia":[{"embeddable":true,"href":"https:\/\/reanpackaging.com\/fr\/wp-json\/wp\/v2\/media\/7666"}],"wp:attachment":[{"href":"https:\/\/reanpackaging.com\/fr\/wp-json\/wp\/v2\/media?parent=7748"}],"wp:term":[{"taxonomy":"product_brand","embeddable":true,"href":"https:\/\/reanpackaging.com\/fr\/wp-json\/wp\/v2\/product_brand?post=7748"},{"taxonomy":"product_cat","embeddable":true,"href":"https:\/\/reanpackaging.com\/fr\/wp-json\/wp\/v2\/product_cat?post=7748"},{"taxonomy":"product_tag","embeddable":true,"href":"https:\/\/reanpackaging.com\/fr\/wp-json\/wp\/v2\/product_tag?post=7748"}],"curies":[{"name":"wp","href":"https:\/\/api.w.org\/{rel}","templated":true}]}}

Sac à provisions recyclable non tissé, imprimé avec logo en différentes couleurs Sac à provisions recyclable non tissé, écologique

<h4>Attributs spécifiques à l'industrie</h4>
<table border="1">
<tbody>
<tr>
<td><strong>Matériau</strong></td>
<td>Non-tissé</td>
</tr>
</tbody>
</table>
<h4>Autres attributs</h4>
<table border="1">
<tbody>
<tr>
<td><strong>Style</strong></td>
<td>Manipulé</td>
</tr>
<tr>
<td><strong>Type de motif</strong></td>
<td>Géométrique</td>
</tr>
<tr>
<td><strong>Taille</strong></td>
<td>Petit (20-30cm)</td>
</tr>
<tr>
<td><strong>TAILLE</strong></td>
<td>Sur mesure, différentes tailles sont disponibles !</td>
</tr>
<tr>
<td><strong>Matériau</strong></td>
<td>Tissu non tissé 60-120gsm</td>
</tr>
<tr>
<td><strong>Impression</strong></td>
<td>Impression offset/ sérigraphie/ marquage à chaud/ pelliculage</td>
</tr>
<tr>
<td><strong>couleur</strong></td>
<td>En option, la couleur de votre choix !</td>
</tr>
<tr>
<td><strong>Conception</strong></td>
<td>Des modèles personnalisés sont disponibles</td>
</tr>
<tr>
<td><strong>Emballage</strong></td>
<td>100-200pcs/carton, qualité standard du carton d'exportation</td>
</tr>
<tr>
<td><strong>Délai d'échantillonnage</strong></td>
<td>3 jours après réception du coût de l'échantillon</td>
</tr>
<tr>
<td><strong>MOQ</strong></td>
<td>500pcs</td>
</tr>
<tr>
<td><strong>coût de l'échantillon délai de production</strong></td>
<td>10-20 jours après confirmation de la commande</td>
</tr>
</tbody>
</table>
<p><img decoding="async" class="detail-desc-decorate-image aligncenter" style="max-width: 100%; height: auto; margin: 0 auto 5px;" src="http://ibn.wyd.mybluehost.me/reanpackaging.com/wp-content/uploads/2023/09/3-description-Different-Colors-Printed-Logo-Laminated-Recyclable-Non-Woven-Tote-Shopping-Bag-Eco-Friendly-Nonwoven-Carry-Tote-Bag.jpg" /><br />
<img decoding="async" class="detail-desc-decorate-image aligncenter" style="max-width: 100%; height: auto; margin: 0 auto 5px;" src="http://ibn.wyd.mybluehost.me/reanpackaging.com/wp-content/uploads/2023/09/4-description-Different-Colors-Printed-Logo-Laminated-Recyclable-Non-Woven-Tote-Shopping-Bag-Eco-Friendly-Nonwoven-Carry-Tote-Bag.jpg" /><br />
<img decoding="async" class="detail-desc-decorate-image aligncenter" style="max-width: 100%; height: auto; margin: 0 auto 5px;" src="http://ibn.wyd.mybluehost.me/reanpackaging.com/wp-content/uploads/2023/09/5-description-Different-Colors-Printed-Logo-Laminated-Recyclable-Non-Woven-Tote-Shopping-Bag-Eco-Friendly-Nonwoven-Carry-Tote-Bag.jpg" /><br />
<img decoding="async" class="detail-desc-decorate-image aligncenter" style="max-width: 100%; height: auto; margin: 0 auto 5px;" src="http://ibn.wyd.mybluehost.me/reanpackaging.com/wp-content/uploads/2023/09/6-description-Different-Colors-Printed-Logo-Laminated-Recyclable-Non-Woven-Tote-Shopping-Bag-Eco-Friendly-Nonwoven-Carry-Tote-Bag.jpg" /><br />
<img decoding="async" class="detail-desc-decorate-image aligncenter" style="max-width: 100%; height: auto; margin: 0 auto 5px;" src="http://ibn.wyd.mybluehost.me/reanpackaging.com/wp-content/uploads/2023/09/7-description-Different-Colors-Printed-Logo-Laminated-Recyclable-Non-Woven-Tote-Shopping-Bag-Eco-Friendly-Nonwoven-Carry-Tote-Bag.jpg" /></p>
