{"id":14181,"date":"2023-11-05T14:03:18","date_gmt":"2023-11-05T14:03:18","guid":{"rendered":"http:\/\/ibn.wyd.mybluehost.me\/reanpackaging.com\/product\/4cm-striped-elastic-tape-ribbon-for-waistband-and-sewing\/"},"modified":"2024-10-01T16:36:58","modified_gmt":"2024-10-01T16:36:58","slug":"4cm-striped-elastic-tape-ribbon-for-waistband-and-sewing","status":"publish","type":"product","link":"https:\/\/reanpackaging.com\/pl\/produkt\/4-cm-elastyczna-tasma-w-paski-do-paska-i-szycia\/","title":{"rendered":"Elastyczna ta\u015bma w paski 4 cm do paska i szycia"},"content":{"rendered":"<h4>Atrybuty specyficzne dla bran\u017cy<\/h4>\n<table border=\"1\">\n<tr>\n<td><strong>7-dniowy czas realizacji zam\u00f3wienia pr\u00f3bki<\/strong><\/td>\n<td>Wsparcie<\/td>\n<\/tr>\n<tr>\n<td><strong>Materia\u0142<\/strong><\/td>\n<td>Spandex \/ Nylon<\/td>\n<\/tr>\n<tr>\n<td><strong>Technika<\/strong><\/td>\n<td>Haftowane<\/td>\n<\/tr>\n<tr>\n<td><strong>Cecha<\/strong><\/td>\n<td>Elastyczny<\/td>\n<\/tr>\n<\/table>\n<h4>Inne atrybuty<\/h4>\n<table border=\"1\">\n<tr>\n<td><strong>Typ produktu<\/strong><\/td>\n<td>Ta\u015bma<\/td>\n<\/tr>\n<tr>\n<td><strong>U\u017cycie<\/strong><\/td>\n<td>Odzie\u017c, obuwie, bielizna<\/td>\n<\/tr>\n<tr>\n<td><strong>Nazwa produktu<\/strong><\/td>\n<td>4 cm elastyczna ta\u015bma w paski do paska i szycia<\/td>\n<\/tr>\n<tr>\n<td><strong>Szeroko\u015b\u0107<\/strong><\/td>\n<td>4 cm<\/td>\n<\/tr>\n<tr>\n<td><strong>Kolor<\/strong><\/td>\n<td>10 styl<\/td>\n<\/tr>\n<tr>\n<td><strong>Niestandardowe<\/strong><\/td>\n<td>Akceptuj<\/td>\n<\/tr>\n<tr>\n<td><strong>MOQ<\/strong><\/td>\n<td>50 jard\u00f3w<\/td>\n<\/tr>\n<tr>\n<td><strong>Czas pr\u00f3by<\/strong><\/td>\n<td>7 dni<\/td>\n<\/tr>\n<tr>\n<td><strong>Grubo\u015b\u0107<\/strong><\/td>\n<td>1,4-1,5 mm<\/td>\n<\/tr>\n<tr>\n<td><strong>Certyfikat<\/strong><\/td>\n<td>Oeko-Tex Standard 100<\/td>\n<\/tr>\n<tr>\n<td><strong>P\u0142atno\u015b\u0107<\/strong><\/td>\n<td>Zlecenie handlowe<\/td>\n<\/tr>\n<tr>\n<td><strong>Pakowanie<\/strong><\/td>\n<td>\u017b\u0105danie Ur<\/td>\n<\/tr>\n<\/table>\n<p><img decoding=\"async\" class=\"detail-desc-decorate-image\" src=\"http:\/\/ibn.wyd.mybluehost.me\/reanpackaging.com\/wp-content\/uploads\/2023\/11\/1-description-4Cm-Striped-Elastic-Tape-Ribbon-For-Waistband-And-Sewing.jpg\" slate-data-type=\"image\" style=\"max-width: 100%; height: auto; display: block; margin: 0 auto;\"><br \/>\n<img decoding=\"async\" class=\"detail-desc-decorate-image\" src=\"http:\/\/ibn.wyd.mybluehost.me\/reanpackaging.com\/wp-content\/uploads\/2023\/11\/2-description-4Cm-Striped-Elastic-Tape-Ribbon-For-Waistband-And-Sewing.jpg\" slate-data-type=\"image\" style=\"max-width: 100%; height: auto; display: block; margin: 0 auto;\"><br \/>\n<img decoding=\"async\" class=\"detail-desc-decorate-image\" src=\"http:\/\/ibn.wyd.mybluehost.me\/reanpackaging.com\/wp-content\/uploads\/2023\/11\/3-description-4Cm-Striped-Elastic-Tape-Ribbon-For-Waistband-And-Sewing.jpg\" slate-data-type=\"image\" style=\"max-width: 100%; height: auto; display: block; margin: 0 auto;\"><br \/>\n<img decoding=\"async\" class=\"detail-desc-decorate-image\" src=\"http:\/\/ibn.wyd.mybluehost.me\/reanpackaging.com\/wp-content\/uploads\/2023\/11\/4-description-4Cm-Striped-Elastic-Tape-Ribbon-For-Waistband-And-Sewing.jpg\" slate-data-type=\"image\" style=\"max-width: 100%; height: auto; display: block; margin: 0 auto;\"><br \/>\n<img decoding=\"async\" class=\"detail-desc-decorate-image\" src=\"http:\/\/ibn.wyd.mybluehost.me\/reanpackaging.com\/wp-content\/uploads\/2023\/11\/5-description-4Cm-Striped-Elastic-Tape-Ribbon-For-Waistband-And-Sewing.jpg\" slate-data-type=\"image\" style=\"max-width: 100%; height: auto; display: block; margin: 0 auto;\"><br \/>\n<img decoding=\"async\" class=\"detail-desc-decorate-image\" src=\"http:\/\/ibn.wyd.mybluehost.me\/reanpackaging.com\/wp-content\/uploads\/2023\/11\/6-description-4Cm-Striped-Elastic-Tape-Ribbon-For-Waistband-And-Sewing.jpg\" slate-data-type=\"image\" style=\"max-width: 100%; height: auto; display: block; margin: 0 auto;\"><br \/>\n<img decoding=\"async\" class=\"detail-desc-decorate-image\" src=\"http:\/\/ibn.wyd.mybluehost.me\/reanpackaging.com\/wp-content\/uploads\/2023\/11\/7-description-4Cm-Striped-Elastic-Tape-Ribbon-For-Waistband-And-Sewing.jpg\" slate-data-type=\"image\" style=\"max-width: 100%; height: auto; display: block; margin: 0 auto;\"><br \/>\n<img decoding=\"async\" class=\"detail-desc-decorate-image\" src=\"http:\/\/ibn.wyd.mybluehost.me\/reanpackaging.com\/wp-content\/uploads\/2023\/11\/8-description-4Cm-Striped-Elastic-Tape-Ribbon-For-Waistband-And-Sewing.jpg\" slate-data-type=\"image\" style=\"max-width: 100%; height: auto; display: block; margin: 0 auto;\"><br \/>\n<img decoding=\"async\" class=\"detail-desc-decorate-image\" src=\"http:\/\/ibn.wyd.mybluehost.me\/reanpackaging.com\/wp-content\/uploads\/2023\/11\/9-description-4Cm-Striped-Elastic-Tape-Ribbon-For-Waistband-And-Sewing.jpg\" slate-data-type=\"image\" style=\"max-width: 100%; height: auto; display: block; margin: 0 auto;\"><br \/>\n<img decoding=\"async\" class=\"detail-desc-decorate-image\" src=\"http:\/\/ibn.wyd.mybluehost.me\/reanpackaging.com\/wp-content\/uploads\/2023\/11\/10-description-4Cm-Striped-Elastic-Tape-Ribbon-For-Waistband-And-Sewing.jpg\" slate-data-type=\"image\" style=\"max-width: 100%; height: auto; display: block; margin: 0 auto;\"><br \/>\n<img decoding=\"async\" class=\"detail-desc-decorate-image\" src=\"http:\/\/ibn.wyd.mybluehost.me\/reanpackaging.com\/wp-content\/uploads\/2023\/11\/11-description-4Cm-Striped-Elastic-Tape-Ribbon-For-Waistband-And-Sewing.jpg\" slate-data-type=\"image\" style=\"max-width: 100%; height: auto; display: block; margin: 0 auto;\"><\/p>","protected":false},"excerpt":{"rendered":"<p>Industry-Specific Attributes 7 days sample order lead time Support Material Spandex \/ Nylon Technics Embroidered Feature Elastic Other Attributes Product Type Webbing Use Garment, Shoes, underwear Product name 4cm striped elastic tape ribbon for waistband and sewing Width 4cm Color 10 style Custom Accept MOQ 50 Yards Sample time 7 Days Thickness 1.4-1.5mm Certificate Oeko-Tex [&hellip;]<\/p>\n","protected":false},"featured_media":13414,"template":"","meta":{"_seopress_robots_primary_cat":"none","_seopress_titles_title":"","_seopress_titles_desc":"","_seopress_robots_index":"","site-sidebar-layout":"default","site-content-layout":"","ast-site-content-layout":"default","site-content-style":"default","site-sidebar-style":"default","ast-global-header-display":"","ast-banner-title-visibility":"","ast-main-header-display":"","ast-hfb-above-header-display":"","ast-hfb-below-header-display":"","ast-hfb-mobile-header-display":"","site-post-title":"","ast-breadcrumbs-content":"","ast-featured-img":"","footer-sml-layout":"","ast-disable-related-posts":"","theme-transparent-header-meta":"default","adv-header-id-meta":"","stick-header-meta":"default","header-above-stick-meta":"","header-main-stick-meta":"","header-below-stick-meta":"","astra-migrate-meta-layouts":"set","ast-page-background-enabled":"default","ast-page-background-meta":{"desktop":{"background-color":"","background-image":"","background-repeat":"repeat","background-position":"center center","background-size":"auto","background-attachment":"scroll","background-type":"","background-media":"","overlay-type":"","overlay-color":"","overlay-opacity":"","overlay-gradient":""},"tablet":{"background-color":"","background-image":"","background-repeat":"repeat","background-position":"center center","background-size":"auto","background-attachment":"scroll","background-type":"","background-media":"","overlay-type":"","overlay-color":"","overlay-opacity":"","overlay-gradient":""},"mobile":{"background-color":"","background-image":"","background-repeat":"repeat","background-position":"center center","background-size":"auto","background-attachment":"scroll","background-type":"","background-media":"","overlay-type":"","overlay-color":"","overlay-opacity":"","overlay-gradient":""}},"ast-content-background-meta":{"desktop":{"background-color":"var(--ast-global-color-5)","background-image":"","background-repeat":"repeat","background-position":"center center","background-size":"auto","background-attachment":"scroll","background-type":"","background-media":"","overlay-type":"","overlay-color":"","overlay-opacity":"","overlay-gradient":""},"tablet":{"background-color":"var(--ast-global-color-5)","background-image":"","background-repeat":"repeat","background-position":"center center","background-size":"auto","background-attachment":"scroll","background-type":"","background-media":"","overlay-type":"","overlay-color":"","overlay-opacity":"","overlay-gradient":""},"mobile":{"background-color":"var(--ast-global-color-5)","background-image":"","background-repeat":"repeat","background-position":"center center","background-size":"auto","background-attachment":"scroll","background-type":"","background-media":"","overlay-type":"","overlay-color":"","overlay-opacity":"","overlay-gradient":""}}},"product_brand":[],"product_cat":[55,51],"product_tag":[],"class_list":{"0":"post-14181","1":"product","2":"type-product","3":"status-publish","4":"has-post-thumbnail","6":"product_cat-ribbon","7":"product_cat-shipping-supplies","8":"desktop-align-left","9":"tablet-align-left","10":"mobile-align-left","11":"ast-product-gallery-layout-horizontal","12":"ast-product-tabs-layout-horizontal","14":"first","15":"instock","16":"purchasable","17":"product-type-simple"},"_links":{"self":[{"href":"https:\/\/reanpackaging.com\/pl\/wp-json\/wp\/v2\/product\/14181","targetHints":{"allow":["GET"]}}],"collection":[{"href":"https:\/\/reanpackaging.com\/pl\/wp-json\/wp\/v2\/product"}],"about":[{"href":"https:\/\/reanpackaging.com\/pl\/wp-json\/wp\/v2\/types\/product"}],"wp:featuredmedia":[{"embeddable":true,"href":"https:\/\/reanpackaging.com\/pl\/wp-json\/wp\/v2\/media\/13414"}],"wp:attachment":[{"href":"https:\/\/reanpackaging.com\/pl\/wp-json\/wp\/v2\/media?parent=14181"}],"wp:term":[{"taxonomy":"product_brand","embeddable":true,"href":"https:\/\/reanpackaging.com\/pl\/wp-json\/wp\/v2\/product_brand?post=14181"},{"taxonomy":"product_cat","embeddable":true,"href":"https:\/\/reanpackaging.com\/pl\/wp-json\/wp\/v2\/product_cat?post=14181"},{"taxonomy":"product_tag","embeddable":true,"href":"https:\/\/reanpackaging.com\/pl\/wp-json\/wp\/v2\/product_tag?post=14181"}],"curies":[{"name":"wp","href":"https:\/\/api.w.org\/{rel}","templated":true}]}}

Elastyczna taśma w paski 4 cm do paska i szycia

<h4>Atrybuty specyficzne dla branży</h4>
<table border="1">
<tr>
<td><strong>7-dniowy czas realizacji zamówienia próbki</strong></td>
<td>Wsparcie</td>
</tr>
<tr>
<td><strong>Materiał</strong></td>
<td>Spandex / Nylon</td>
</tr>
<tr>
<td><strong>Technika</strong></td>
<td>Haftowane</td>
</tr>
<tr>
<td><strong>Cecha</strong></td>
<td>Elastyczny</td>
</tr>
</table>
<h4>Inne atrybuty</h4>
<table border="1">
<tr>
<td><strong>Typ produktu</strong></td>
<td>Taśma</td>
</tr>
<tr>
<td><strong>Użycie</strong></td>
<td>Odzież, obuwie, bielizna</td>
</tr>
<tr>
<td><strong>Nazwa produktu</strong></td>
<td>4 cm elastyczna taśma w paski do paska i szycia</td>
</tr>
<tr>
<td><strong>Szerokość</strong></td>
<td>4 cm</td>
</tr>
<tr>
<td><strong>Kolor</strong></td>
<td>10 styl</td>
</tr>
<tr>
<td><strong>Niestandardowe</strong></td>
<td>Akceptuj</td>
</tr>
<tr>
<td><strong>MOQ</strong></td>
<td>50 jardów</td>
</tr>
<tr>
<td><strong>Czas próby</strong></td>
<td>7 dni</td>
</tr>
<tr>
<td><strong>Grubość</strong></td>
<td>1,4-1,5 mm</td>
</tr>
<tr>
<td><strong>Certyfikat</strong></td>
<td>Oeko-Tex Standard 100</td>
</tr>
<tr>
<td><strong>Płatność</strong></td>
<td>Zlecenie handlowe</td>
</tr>
<tr>
<td><strong>Pakowanie</strong></td>
<td>Żądanie Ur</td>
</tr>
</table>
<p><img decoding="async" class="detail-desc-decorate-image" src="http://ibn.wyd.mybluehost.me/reanpackaging.com/wp-content/uploads/2023/11/1-description-4Cm-Striped-Elastic-Tape-Ribbon-For-Waistband-And-Sewing.jpg" slate-data-type="image" style="max-width: 100%; height: auto; display: block; margin: 0 auto;"><br />
<img decoding="async" class="detail-desc-decorate-image" src="http://ibn.wyd.mybluehost.me/reanpackaging.com/wp-content/uploads/2023/11/2-description-4Cm-Striped-Elastic-Tape-Ribbon-For-Waistband-And-Sewing.jpg" slate-data-type="image" style="max-width: 100%; height: auto; display: block; margin: 0 auto;"><br />
<img decoding="async" class="detail-desc-decorate-image" src="http://ibn.wyd.mybluehost.me/reanpackaging.com/wp-content/uploads/2023/11/3-description-4Cm-Striped-Elastic-Tape-Ribbon-For-Waistband-And-Sewing.jpg" slate-data-type="image" style="max-width: 100%; height: auto; display: block; margin: 0 auto;"><br />
<img decoding="async" class="detail-desc-decorate-image" src="http://ibn.wyd.mybluehost.me/reanpackaging.com/wp-content/uploads/2023/11/4-description-4Cm-Striped-Elastic-Tape-Ribbon-For-Waistband-And-Sewing.jpg" slate-data-type="image" style="max-width: 100%; height: auto; display: block; margin: 0 auto;"><br />
<img decoding="async" class="detail-desc-decorate-image" src="http://ibn.wyd.mybluehost.me/reanpackaging.com/wp-content/uploads/2023/11/5-description-4Cm-Striped-Elastic-Tape-Ribbon-For-Waistband-And-Sewing.jpg" slate-data-type="image" style="max-width: 100%; height: auto; display: block; margin: 0 auto;"><br />
<img decoding="async" class="detail-desc-decorate-image" src="http://ibn.wyd.mybluehost.me/reanpackaging.com/wp-content/uploads/2023/11/6-description-4Cm-Striped-Elastic-Tape-Ribbon-For-Waistband-And-Sewing.jpg" slate-data-type="image" style="max-width: 100%; height: auto; display: block; margin: 0 auto;"><br />
<img decoding="async" class="detail-desc-decorate-image" src="http://ibn.wyd.mybluehost.me/reanpackaging.com/wp-content/uploads/2023/11/7-description-4Cm-Striped-Elastic-Tape-Ribbon-For-Waistband-And-Sewing.jpg" slate-data-type="image" style="max-width: 100%; height: auto; display: block; margin: 0 auto;"><br />
<img decoding="async" class="detail-desc-decorate-image" src="http://ibn.wyd.mybluehost.me/reanpackaging.com/wp-content/uploads/2023/11/8-description-4Cm-Striped-Elastic-Tape-Ribbon-For-Waistband-And-Sewing.jpg" slate-data-type="image" style="max-width: 100%; height: auto; display: block; margin: 0 auto;"><br />
<img decoding="async" class="detail-desc-decorate-image" src="http://ibn.wyd.mybluehost.me/reanpackaging.com/wp-content/uploads/2023/11/9-description-4Cm-Striped-Elastic-Tape-Ribbon-For-Waistband-And-Sewing.jpg" slate-data-type="image" style="max-width: 100%; height: auto; display: block; margin: 0 auto;"><br />
<img decoding="async" class="detail-desc-decorate-image" src="http://ibn.wyd.mybluehost.me/reanpackaging.com/wp-content/uploads/2023/11/10-description-4Cm-Striped-Elastic-Tape-Ribbon-For-Waistband-And-Sewing.jpg" slate-data-type="image" style="max-width: 100%; height: auto; display: block; margin: 0 auto;"><br />
<img decoding="async" class="detail-desc-decorate-image" src="http://ibn.wyd.mybluehost.me/reanpackaging.com/wp-content/uploads/2023/11/11-description-4Cm-Striped-Elastic-Tape-Ribbon-For-Waistband-And-Sewing.jpg" slate-data-type="image" style="max-width: 100%; height: auto; display: block; margin: 0 auto;"></p>
